39.
-25
Calculate 7 - (-15 + 27 + -6).
1
Calculate 10 - 0 - (9 - -9 - 31 - 0).
23
What is the value of 12 - (-3 + 3 + 11)?
1
What is (165 - 156) + -8 + -2 + 1?
0
What is the value of 5 - (3 + (-3 - (-2 + -9)))?
-6
What is the value of 4 - (0 - 1 - (-9 - (1 - 7)))?
2
Calculate 16 - ((-9 - (-3 - -1)) + (53 - 51)).
21
(-13 + 19 - -9) + -28
-13
Evaluate 8 - (12 - 2 - -1).
-3
What is -4 - ((16 + -7 - 2) + 5)?
-16
1 + 8 + -625 + 631
15
(-9 + 0 - -1) + 12
4
-2 + 18 + -10 + -1 + 7 + 1
13
Evaluate 8 - (20 - (10 + -2)) - (-4 + -1).
1
Calculate -2 + (260 + -269 - (0 - 1 - -1)).
-11
What is the value of -14 + (0 - (19 - 71 - -8))?
30
(-109 - -86) + 15 + 4
-4
What is 1 - (-11 + -6) - 26 - 13?
-21
Calculate 6 + (14 - (28 - 9)) - (26 - -1).
-26
What is (-8 - (-34 - (4 - 2))) + -10?
18
What is -27 + 37 + (-2 - (-2 + 3 - 1))?
8
Evaluate (6 - -8) + (-6 - -3) + 1 + -1.
11
Evaluate 6 - (-3 + 21 + -14 + -12).
14
Evaluate (8 - ((-4 - 2) + 6) - 7) + 5.
6
What is 15 + -17 + 0 + (18 - (3 - 0))?
13
-21 + (5 - 1) + 14
-3
Evaluate -22 + 3 + 6 + 5.
-8
Evaluate -3 - (-16 - (-10 + -8)).
-5
What is the value of -15 - -2 - (-71 - -42)?
16
Calculate 14 + 1 - (1 - 16 - (62 - 71)).
21
What is -18 + 14 + -5 + 8 + -2?
-3
Calculate (-16 - -1 - -1) + 36 + (0 - 41).
-19
What is (9 - -5) + -4 - (-15 + 2)?
23
(35 + -5 + -20 - (1 - 4)) + -5
8
What is the value of (3 - -21) + (-45 - -35)?
14
What is (-45 - -17 - -49) + -2 + 1?
20
-97 + 90 + (1 - (4 + 1 + -2))
-9
-44 - (17 - 32 - 1)
-28
What is the value of 15 + -22 - (1 + 3 + 0 + -1)?
-10
Calculate -32 - (-19 - -12) - (-8 + 4 + -1).
-20
What is 151 - 175 - (-14 + -3 + 3)?
-10
-24 + 3 - (-40 - -35) - -3
-13
Calculate 0 + (-8 - (0 - 5)) + 0 + 19.
16
Calculate -35 - -19 - (2 + -1 - (-3 - -8)).
-12
Calculate -4 + -24 + -3 + (41 - 15 - 19).
-24
What is (-6 - (11 - 14)) + 3 - 18?
-18
What is (9 - 5 - -1) + -16 + 5?
-6
What is -4 + 0 - -9 - (-1 + -1 + -3)?
10
18 - (9 + -4 + 45)
-32
31 + (35 - 50 - -21) + -3 + 1
35
What is the value of (7 - (2 + 11)) + 16?
10
Calculate (8 - 14) + 0 + 13.
7
Calculate -62 - (-52 - (37 + -58)).
-31
(207 - 210) + (-6 + -4 + 7 - -3)
-3
What is the value of (3 - -1) + -2 - (-49 + (-17 - -58))?
10
What is the value of 17 - (-10 - (14 + -27))?
14
9 + -24 + -20 + 41 + (1 - 24)
-17
(16 - 1) + -17 + 32
30
Calculate -3 + (0 - (-22 + 22 - (2 + 9))).
8
Evaluate (-10 - (10 - 15)) + 3 - -18.
16
Evaluate 0 - ((2 - (-5 - -10)) + -10 + 2).
11
What is the value of (-65 - -100) + (4 - 6) + 2 + -6?
29
Calculate 4 + 6 + 0 + -4 + 13 + -14.
5
-6 + (27 - (14 + -5)) - 2
10
Evaluate -1 + 0 + 7 + (-1 - -1 - 1).
5
Evaluate 4 - (4 - (-4 - 9 - -3 - -5)).
-5
Evaluate -3 + (-3 - (5 - 7 - 5)).
1
-6 - -1 - (-4 + (26 + -10 - 17))
0
What is the value of 13 - (7 - 18) - 13?
11
Evaluate (-8 + -38 - -28) + -1.
-19
Evaluate -13 - (-11 - -10 - -7).
-19
What is 6 - (-1 - -1 - (0 + -2)) - 8?
-4
What is the value of 7 - (17 + -14 + (-8 - -4))?
8
Evaluate (0 - (-10 - -11)) + 5 + 8 + 0.
12
21 - (-43 - (-114 + 21))
-29
Calculate 9 + 6 + -4 + -8 + 5.
8
Evaluate 4 + (-1 - (-4 - -4)) - (1 - 4).
6
What is the value of -3 - (1 + -1) - (-57 - (-72 + 21))?
3
25 + (-35 - -16) - -3
9
What is the value of 2 + -10 + 15 + -16?
-9
Evaluate 3 + 1 - (1 - -1) - (75 + -62).
-11
What is the value of -8 + 1 + (2473 - 2485)?
-19
What is the value of 20 - 1 - (-5 + (8 - 8) + 7)?
17
Evaluate 1 + 1 + 3 + (2 + -1 - 13).
-7
Calculate 20 + -25 + 19 - -5.
19
What is -2 + 18 - (35 - 26 - 9)?
16
What is the value of -1 + -24 + 15 + -30 + (14 - 3)?
-29
20 - 6 - (30 - 17)
1
13 + (5 - (16 - 4))
6
Evaluate -3 + -2 + (1 + 8 - (4 + 0)).
0
What is the value of (-44 - (-104 - -67)) + (17 - (1 + -1))?
10
Evaluate 522 + -526 + (4 + 6 - (-1 - 0)).
7
Calculate -3 - (-15 - -19 - 22).
15
5 + -3 + 128 + -142
-12
Evaluate -9 + (-14 - -5 - -21).
3
Evaluate -2 + 2 + -11 + 1 + -4.
-14
What is the value of 3 - (-1 - (-3 + -4) - 6)?
3
What is -1 - (5 + -3 + (-2 - 3)) - -5?
7
Calculate 0 + -3 - (2 - (6 - 1) - -8).
-8
What is 3 + (-2 - (-13 - -10)) + -15?
-11
-3 + (-15 + 10 - (16 + -4))
-20
-12 + 2 + 4 + (2 - 4)
-8
Calculate -1 + (-30 - -16) + 14.
-1
12 + 3 + 15 + (0 - 1) + -1
28
What is the value of -18 + 14 + (-1 - 17)?
-22
Evaluate (1 - 1 - (-7 + 5)) + (-98 - -107).
11
What is 11 + -1 + (-4 - 2) + 3 + -3?
4
Calculate 8 - (3 - (10 - (2 - -10))).
3
-193 + 232 - (15 - (-3 + 2))
23
What is the value of (124 - 100) + -45 + -3?
-24
Evaluate 5 + -5 + (-14 - -15) - -10.
11
Calculate -1 + (4 + 1 - (7 - -25)) + -5.
-33
Calculate -35 + -5 + -3 + 82.
39
What is the value of -1 - (21 - 0) - (-22 - -10)?
-10
Calculate -16 + 2 + (-2 + 9 - (23 - 21)).
-9
Evaluate 0 + 0 + -7 + (4 - (13 + -9)).
-7
What is the value of (24 - 9) + -10 + 9 - 31?
-17
15 + -5 + (18 + -19 - (-6 + 3))
12
(144 - 336) + 185 - (2 + 0 + -1)
-8
Evaluate (13 - 0) + -5 - (-7 - -10) - 11.
-6
Calculate 1 + -10 + 0 + 14.
5
What is 36 - (1 - 22) - 27?
30
What is 25 + -4 + -12 + -16?
-7
What is -4 + -1 + (-22 + 8 - -6)?
-13
What is (-1 - -11 - (13 - 8)) + 2 - -6?
13
Evaluate 41 - 41 - (8 - (1 - 3)).
-10
Calculate 49 + -19 + -14 + -8.
8
Evaluate 3 + -1 + -12 + -43 + 48.
-5
-4 + -6 + 34 + (-3 - 0) + -2
19
What is the value of (-52 - -67) + -17 + -8?
-10
23 - (-6 + -2 - -37)
-6
Evaluate -12 - (4 + (-14 - 13)).
11
What is the value of 44 + 36 + -16 + -20 - 12?
32
What is 3 - 12 - (-29 - -30)?
-10
What is the value of -13 + 17 + 5 + -15?
-6
Calculate 3 + 8 - (24 - (-6 - -11)).
-8
What is -2 + 1 + (-59 - -5) + 55?
0
Calculate -1 + 8 + 27 + -25 + (0 - 15).
-6
What is 15 + -3 + -3 + -2 + 8?
15
What is -23 - (-42 + 6 + 17)?
-4
Evaluate -3 + 22 + 169 + -172.
16
(1 + 6 - 15 - -11) + -11 + -1
-9
Evaluate (-17 + 41 - 25) + 2 + 3 + 1.
5
6 + 1 + (21 - 14) + -13
1
18 - (5 - (5 - 2)) - (202 + -195)
9
2 - (-4 + (25 - 10))
-9
Calculate (-20 - -8) + (38 - (0 - -9)).
17
Calculate 3 - (-5 - (4 + -8 - 4)).
0
Evaluate -24 - (-11 + 2 + (-3 - -8) + -5).
-15
Calculate -20 + (6 - (-9 - -3)).
-8
(19 - -10 - 34) + -8
-13
Calculate -24 - -9 - -24 - 0.
9
What is the value of -4 + (-37 - -30 - (1 + 7))?
-19
0 + (1 - 1) + (40 - 39) + -3
-2
Evaluate 25 + -27 - (3 - 2 - -1).
-4
-2 - 19 - (-14 - (8 - (9 + 9)))
-17
What is the value of 3 + (4 + -5 + -6 - (3 + 0))?
-7
What is 142 + -134 + 0 + -3?
5
Calculate 2 + -3 - (-8 - (-2 - 5)).
0
What is the value of (-2 - -1) + (14 + -12 - -5) + 3?
9
What is -6 + (10 - 1) + 0 + -5 + 4?
2
What is the value of -10 - 1 - (12 - (-11 + 31))?
-3
529 - 543 - (2 + -31)
15
What is the value of 2 + 0 + 44 + -35?
11
What is the value of (-3 - (-24 - -7)) + 5?
19
What is 9 + -5 + -6 - (5 + -4) - 5?
-8
3 - (8 - 5) - 0 - -20 - 5
15
Evaluate -2 + (4 - ((0 - -2 - 1) + 5)).
-4
Calculate (-19 - 1) + -114 + 160.
26
What is 9 + (14 + -7 - -36 - 18)?
34
What is the value of 0 + -13 + -8 + 70 + -35?
14
What is -15 - (2 + -1) - -9 - -23?
16
-12 + -13 + 54 + -19
10
What is 5 + 7 - 8 - (-1 - (1 + 1))?
7
Calculate 14 + -28 + 11 + 16 - -9.
22
Calculate 19 + -35 + 7 + 18 + (-1 - -1).
9
(12 - -12 - 13) + -19
-8
Calculate 0 + -9 - (-35 - -21).
5
What is -4 + -8 + (-37 - -42)?
-7
What is -149 - -152 - ((3 + -5 - 8) + -1)?
14
Evaluate 7 - (-25 - -34) - (1 + -8).
5
23 + -22 + (0 + 2 - 4)
-1
What is the value of -6 + (-13 - 12) + 15 - -17?
1
What is 0 + (4 - 2) + -3 + -7?
-8
What is the value of (27 - (-10 - 7 - -32)) + -15?
-3
-1 + -4 + (-106 + 97 - (2 - 9))
-7
(-5 - (-24 + 38)) + 13
-6
What is 27 - -2 - (-918 - -938)?
9
What is the value of -1 - 2 - (-30 + 47) - -6?
-14
What is the value of (-1 - (-6 - -7) - -6) + (0 - 2)?
2
Evaluate (-88 - -93) + (-1 - -2).
6
-2 - 27 - -69 - 16
24
What is 8 + 0 + 0 + -11 + 2?
-1
What is the value of (3 + -12 + 7 - -6) + -1?
3
-8 + 6 + -10 + 10 + -19
-21
Evaluate 7 + -2 - 6 - (7 + (-5 - -7)).
-10
6 + -15 + -11 + 20
0
(7 - 0) + -11 + 3
-1
-3 + (-9 - (20 + -20))
-12
What is 3 + -4 + (12 - 7) + -31?
-27
Evaluate -1 - -4 - (1 - 0 - (14 - 20)).
-4
What is the value of (-2 + -36 + -15 - -10) + 15?
-28
Calculate -4 - (1 - 0) - -10.
5
Calculate -580 - -573 - (-1 + -3).
-3
Calculate -10 + -5 + 4 - -2.
-9
What is the value of (-2 - -1) + -7 + 11?
3
Evaluate 9 + -3 + -1 + 7 + -31.
-19
(-3 - ((12 - 8) + -15)) + -6
2
Evaluate 14 - (32 + -22 + 6).
-2
Evaluate -1 + 4 + (6 - 11 - -10) - 32.
-24
-860 + 872 - (-1 + -12)
25
52 - (84 - 85 - (-2 + -14))
37
What is -1235 + 